hat is the units digit of g(j)?
4
Let r(x) = 10*x**2. Let w = 8 - 7. What is the units digit of r(w)?
0
Suppose -8 = 2*n, 2*j + 2*n - 77 = 79. What is the units digit of j?
2
Let v(y) = y**2 + 4*y - 7. Let p be v(-6). Suppose p*h - 12 = 48. What is the tens digit of h?
1
Let l = 425 + -287. What is the tens digit of l?
3
Suppose 727 = 3*a - 140. What is the hundreds digit of a?
2
Let s(t) = -11*t**2 - 24*t + 43. Let k(d) = 5*d**2 + 12*d - 21. Let h(b) = 9*k(b) + 4*s(b). What is the units digit of h(-14)?
1
Suppose 33 = u + 2*u. Suppose -u = -5*m + 4. Let c = 3 + m. What is the units digit of c?
6
Suppose 3*q = -3, 4*q + 40 - 12 = -2*f. Let v be (f/9)/((-6)/9). Suppose -5*w - 40 = -5*j, -v*j - 31 = -4*j - 3*w. What is the units digit of j?
1
Suppose -3*y = -d + 1, -5*d - 2*y + 5 = -y. Let j = d + 1. What is the units digit of j?
2
Let p = 155 - 99. What is the units digit of p?
6
Suppose 0 = q - 2*q + 55. What is the units digit of q?
5
Let j be 2/(-3) + (-187)/(-33). Suppose 52 + 3 = j*t. What is the units digit of t?
1
Let d = 127 - 93. What is the tens digit of d?
3
Suppose -841 + 2257 = 6*m. What is the hundreds digit of m?
2
Let b(j) = 4*j - 2*j - j + 3 - 4. What is the units digit of b(3)?
2
Let c(w) = w**2 + 5*w - 1. Let v be c(-8). What is the units digit of v + (0 - -1 - 1)?
3
Let q = 117 - 81. What is the tens digit of q?
3
Let y(x) = -x + 4. What is the units digit of y(-4)?
8
Let t = 2 + -2. Let k be 0/4 - -1*2. Let v = t + k. What is the units digit of v?
2
Suppose -3*a + 5*a + 16 = 0. Let f = a - -53. What is the units digit of f?
5
Let b(x) = -x**3 + 8*x**2 - 6*x + 7. Let j be b(7). Let z = 2 + j. What is the units digit of z?
6
Suppose n = 2*v + 8, 0*v + 6 = -3*n - 4*v. What is the units digit of -3 + (3 - n)*19?
6
Suppose k = -2*k + 15. What is the units digit of (1*k)/((-5)/(-10))?
0
Let u(v) = v**2 + 6*v - 4. Suppose -9 + 0 = -n - 4*f, 2*f = -2*n - 6. Let y be u(n). What is the units digit of (2/y)/((-2)/(-21))?
7
Let t = -1 - -5. Suppose -3*p - p = -t. Let y = p + 7. What is the units digit of y?
8
Let l be -2 - (3 - (36 - -2)). Let h = l + -18. What is the units digit of h?
5
Let l be (-7)/3 + 3/9. Let n be 42/l*1/1. Let b = 30 + n. What is the units digit of b?
9
Suppose 0 = 7*t - 2*t - 15. Suppose 3*r + u = 22, -t*r = -4*r - 4*u. What is the units digit of r?
8
Suppose 0*v = 4*j + v - 64, -39 = -3*j - 3*v. What is the units digit of j?
7
Suppose 0 = -4*p + 44 + 60. Suppose -p = j - 4*j - 4*i, 0 = 2*j + 4*i - 24. Suppose s + 5 = -j*w - w, -5*w = -2*s + 34. What is the units digit of s?
7
What is the units digit of (-37)/3*-3 + 4?
1
Let v be ((-18)/(-4))/(3/6). Let h = v - 14. What is the units digit of ((-8)/10)/(1/h)?
4
Suppose -3*n + 3*s = -201, 2 = 4*s - 2. What is the units digit of n?
8
Suppose 2*a + 4 = b, 0 = 5*b - 4*a - 8. Let c(o) = -o**2 - 3*o + 33. What is the units digit of c(b)?
3
Let r(x) = -x + 34. What is the tens digit of r(-17)?
5
Suppose 5*d + 3*f - 38 - 52 = 0, -2*d + 36 = -f. What is the units digit of d?
8
Suppose -1 + 58 = 3*o + 4*u, 76 = 4*o + 2*u. What is the tens digit of (-4)/(o/(-6) + 3)?
2
Let t = -123 + 175. What is the tens digit of t?
5
Suppose 70 = -4*w + 822. Suppose 3 = -5*s + w. What is the units digit of s?
7
Suppose -4*f = -4*h - 240, 3*f + 2*f + 156 = -3*h. Let s = h - -40. Let j = s - -28. What is the tens digit of j?
1
Let j = 12 + -23. What is the units digit of -2 - (j - 4/(-2))?
7
Suppose -2280 = -11*m + 5*m. What is the hundreds digit of m?
3
Let n(b) be the first derivative of 1/2*b**2 - 1 + 5*b + 5/3*b**3 - 1/4*b**4. What is the units digit of n(5)?
0
Let t(k) = 5*k - 5. Suppose -d + j + 21 = 4*d, -3*d = 4*j - 8. Let h be t(d). Suppose s = -2*s + h. What is the units digit of s?
5
Let z(a) = 6*a**2 + 4*a - 8. What is the units digit of z(-7)?
8
Suppose -2 = 2*p + 5*t - 22, 16 = 5*p + 4*t. Suppose p*v + 2*v - 5*f = 33, -4*v + 5*f = -41. Suppose 2*r = v*r - 12. What is the units digit of r?
6
Let l(t) be the first derivative of -t**4/4 + 4*t**3/3 + 2*t**2 - t - 2. Suppose 3 = o - 1. What is the tens digit of l(o)?
1
Let s(w) = -2*w - 8. Let l be s(-7). Suppose -2*r = -0*r - l. Suppose -2*j = -2*m - m + 2, r*j + 3*m - 12 = 0. What is the units digit of j?
2
Suppose 3*d - 2*y = 298, -2*d - 81 = -3*d - 3*y. What is the tens digit of d?
9
Let p be (-4)/(-8) - (-13)/2. Let h(l) = 2*l - 7. Let c be h(p). Suppose 0 = v - 3*g - c, 4*g = -v + 5*v - 12. What is the units digit of v?
1
Let b(p) = -p. Let x be b(-3). Suppose 0 = -x*o - 3*m + 12, 0 = -4*o + 4*m + 13 + 35. Suppose -o*d + 3*d = -25. What is the units digit of d?
5
Let h be 4/1 - 2 - 3. Let c be 0 - 3*3/h. Suppose b - 13 = -2*p + c, -p = 3*b - 16. What is the units digit of p?
0
Let g(k) = -k**3 + k + 16. Let d be (2/(-1))/(2/(-3)). Suppose z + 3 - 4 = o, -z + d*o = -3. What is the units digit of g(z)?
6
Let q(m) = -m - 1. Let w = -13 + -1. Let n = w + 10. What is the units digit of q(n)?
3
Let k = 3 + 55. What is the tens digit of k?
5
Let f = 12 + -7. Let r be (1 + 1 + -2)/(-2). Suppose r*s + f = s. What is the units digit of s?
5
Let j = -275 + 640. What is the units digit of j?
5
Let v(i) = -i**2 + 3*i + 3. Let p(j) = -13. Let m(s) = 3. Let t(b) = 9*m(b) + 2*p(b). Let n(d) = 2*t(d) - v(d). What is the units digit of n(4)?
3
Let t be (-4)/10 - 33/5. Let o = 11 + t. Suppose o*r = 10 + 6. What is the units digit of r?
4
Let m(g) = -g**2 - 5*g - 6. Let x be m(-4). Let k be (0/(-2))/(0 + x). Suppose k = 2*d - 8. What is the units digit of d?
4
What is the units digit of 0 - (7 - 4) - -24?
1
Suppose 3*i + i = 32. Suppose -i - 14 = -2*g. What is the tens digit of g?
1
Suppose 3*k = 4*q + 1, 0 = -3*q + 2*k - 5*k - 27. What is the units digit of (-40)/1*q/10?
6
Let c(d) be the third derivative of -1/2*d**3 + 0*d + 1/24*d**4 + 2*d**2 + 0. What is the units digit of c(5)?
2
Suppose i + 212 = 2*i + 5*k, 5*k + 182 = i. What is the units digit of i?
7
Suppose -r = 4*k + 12, 0 = -0*k + k + 4*r + 18. Let h(y) = y**3 + 2*y**2 - y + 1. What is the units digit of h(k)?
3
Let r = 148 - 69. What is the units digit of r?
9
Suppose 2*c = m + 194, 0*c - 390 = -4*c + m. What is the units digit of c?
8
Let r(f) = f + 5*f**2 - 8*f**2 + 0*f + 1. Let y be r(-1). Let k = y + 4. What is the units digit of k?
1
Suppose g + k = 36, -g - 4*k = -18 - 18. What is the units digit of g?
6
Let g = 20 + -33. Let w = g - -18. Suppose -3*f + 4*k = 1, 0*f - 2*k = -w*f + 17. What is the units digit of f?
5
Let d(t) = t**2 + 4. What is the tens digit of d(-5)?
2
Suppose 0 = 4*c - 2*c - 2. Let w be ((-8)/(-10))/c*5. What is the units digit of 1*(2 - -1) + w?
7
Suppose 11*m = 10*m + 289. What is the tens digit of m?
8
Let d = 508 - 347. What is the hundreds digit of d?
1
Let y(f) = -f + 7. Let g be y(6). Let i be (0 - 1)*3 - g. What is the units digit of (0 + -6)/(i/6)?
9
Let c = -3 + 9. Let t be c/((-18)/8 - -3). Suppose 5*i = 58 - t. What is the units digit of i?
0
Let g(z) = 25*z**2 - 3*z - 2. What is the tens digit of g(-1)?
2
Let t = -271 + 413. What is the hundreds digit of t?
1
Suppose 75 = -5*l + 4*w + 2, 2*l + w = -37. Let k = 29 + l. Suppose -k - 36 = -4*i. What is the units digit of i?
2
Suppose 2*w - 25 = -5*d, 2*d - 4*w = -3*d - 5. What is the units digit of d?
3
Let n be 0 + 4/(-6) - 393/(-9). Let l be ((-2)/1)/(4/46). Let j = l + n. What is the tens digit of j?
2
Suppose 0*p - p = 2. Suppose 2*v - 7 = -y, -v - 3 = v + 3*y. Let b = v - p. What is the units digit of b?
8
Suppose 0 = 6*u - 8*u + 84. What is the units digit of u?
2
Let t(l) = 9 - 3 - 3*l + 0*l. What is the units digit of t(-6)?
4
Let v(h) = -3*h - 14. Let l be v(-6). Suppose -5*y - k = -28, -5*y + 14 = -l*k - 24. What is the units digit of y?
6
Let h(r) = r + 6. Let j be h(-5). What is the units digit of (4 + j)*72/15?
4
Let m(s) = -37*s - 23. What is the tens digit of m(-5)?
6
What is the tens digit of (-373)/(-5) - (-4)/10?
7
Let q = -7 - -11. Let g(w) = -w + 5. What is the units digit of g(q)?
1
Suppose 22 = 2*b - 0*b. What is the units digit of b?
1
What is the tens digit of 3 + 3 + (-1 - -35)?
4
Let u(a) = -9*a - 36. What is the tens digit of u(-17)?
1
Let a = 0 + 3. Suppose 5*m - a - 82 = 0. What is the tens digit of m?
1
Let p = 14 + -6. Suppose 4*w = -0*w + p. Suppose 0 = -r + 5*